 thousands digit of (-13687)/(9 - 76/8) + 1/1?
2
Let l = -59 - 0. Let c = l - -51. Let o(i) = -10*i + 9. What is the tens digit of o(c)?
8
Let f = 1599 - 2415. Let q = -536 - f. Suppose 3*u = 8*u - q. What is the tens digit of u?
5
Let p(z) = -z**2 - 3*z + 10. Let y be p(-5). Suppose y = -4*h + 1 + 39. What is the units digit of h/25 - 34*(-2)/5?
4
Suppose 5*y = 2*o - 36531, 2*o + 67*y - 36527 = 68*y. What is the thousands digit of o?
8
Suppose -5*v = 2*z + 260, 4*z = 3*v + 109 + 73. What is the hundreds digit of (v/4)/(-1)*(-496)/(-24)?
2
Let l(r) = -29*r**2 - 5*r + 30. Let d be l(-7). What is the hundreds digit of (d/36)/(3/(-63))?
7
Let h(v) = 228*v**2 + 75*v - 51. Let s(m) = -46*m**2 - 15*m + 10. Let z(t) = 5*h(t) + 24*s(t). What is the hundreds digit of z(-4)?
5
Suppose 35*y = 39*y + 100. Let v = y - -45. Suppose 0 = -v*n + 562 + 758. What is the tens digit of n?
6
Let k = 168 - 81. Let m = 96 - k. Suppose m*y = 5*y + 272. What is the tens digit of y?
6
Suppose -u - 280 = -5*a, -3*a - u + 233 = a. Let f = 62 - a. Suppose -f*j = -394 + 69. What is the units digit of j?
5
Let f(v) = -v**2 - 43*v + 113. Let z be f(-45). Suppose 0 = z*l - 5739 - 7233. What is the hundreds digit of l?
5
What is the hundreds digit of (4 - (-4)/(-14)*7)*615?
2
Let o be -3 - (-3771)/(-2 - -3). What is the hundreds digit of o/33 - 10/55?
1
Let q = 26930 + -13109. What is the thousands digit of q?
3
Let u(m) = m**3 - 56*m**2 + 119*m - 2530. What is the units digit of u(55)?
0
What is the tens digit of (-1 - (-9 + 0)) + (1856 - -332)?
9
Let t = 248 + 4031. What is the tens digit of t?
7
What is the units digit of (-49)/7 + 1 - (-6 - 1343)?
3
Let b = 221 - 78. Suppose 4*s = -b + 619. What is the units digit of s?
9
Suppose 49*q + 473454 = -63*q + 130*q. What is the hundreds digit of q?
3
Let v = -1967 - -3711. Let r = v - 353. What is the thousands digit of r?
1
Suppose 4*z - 156 = -112. Suppose 6443 = z*d + 1108. What is the tens digit of d?
8
Let k = 315 - -131. Let s = k + -337. What is the tens digit of s?
0
What is the tens digit of -4721*(1/32*4 + (-34)/16)?
4
Suppose 0 = 1183*n - 1200*n + 138227. What is the thousands digit of n?
8
Suppose h = 3*h + 126. Let f be (-74863)/21 + 1 + 10/(-105). What is the tens digit of f/h + 6/14?
5
Let s(r) = 5*r**2 + 4*r + 1. Let m be s(3). Let l be 34 - 0 - ((-9 - -6) + -1). Let v = m - l. What is the units digit of v?
0
Let x(w) = 24*w**2 + 16*w + 8. Let k be x(-6). Suppose -3*h + 461 = -3*q - q, 5*h = -q + k. What is the hundreds digit of h?
1
Let n(a) = 13*a - 51. Let k(m) = 25*m - 102. Let o(f) = 3*k(f) - 7*n(f). What is the units digit of o(-14)?
5
Let g = 320 - 318. What is the units digit of g/(-3)*((-73170)/12)/15?
1
Suppose 0 = -3*a + 13 + 2. Suppose a*t - 4*t = 0. Suppose t = 3*u + x - 2*x - 221, -263 = -4*u - 5*x. What is the tens digit of u?
7
Let v(l) = l**3 - 5*l + 7. Let j be v(0). Suppose 0 = 2*n - j*n + 1160. What is the hundreds digit of n?
2
Let j be 1419 + 12 - (-1 + 1). What is the tens digit of (-8)/12*(3 - j)?
5
Suppose -6 = -3*a, -4*g + 0*a - 6 = a. Let l = 16 + g. Suppose 0 = -4*j + 26 + l. What is the units digit of j?
0
Let h = -110 + 93. What is the units digit of 14*h*(-36)/21?
8
Let u be 3 + (12 - 4)/(-4). Let c be (-168 + 2)/u*1. Let z = c - -239. What is the units digit of z?
3
Suppose 265*b + 25571 = -9409. Let t = -177 - -93. Let i = t - b. What is the units digit of i?
8
Let y(x) = 13*x + 19. Let t(m) be the second derivative of -m**3 - 5*m**2 + 18*m. Let g(u) = -11*t(u) - 6*y(u). What is the tens digit of g(-6)?
6
Suppose 0 = -5*y + 5*r + 118745, -2*y - 5*r - 9769 = -57295. What is the tens digit of y?
5
Let i(j) = 2*j**2 + 6*j + 3. Let d be i(-1). What is the hundreds digit of (-3)/(3/d) - 389/(-1)?
3
Let h = -4473 - -14218. What is the hundreds digit of h?
7
Let b(n) = -1091*n**3 - 312*n - 622. What is the hundreds digit of b(-2)?
7
Suppose 0 = 15*d + 219 - 864. Let a = d - 39. What is the tens digit of (a/(-30)*-6)/(4/1270)?
5
Let l be -45*(14/21)/((-10)/(-12066)). What is the tens digit of 2/(-7) - l/126?
8
Let q = 379 + -382. What is the hundreds digit of (466*q/(-6))/1?
2
Let y = -9 - -12. Suppose -c = -60 + y. Suppose 0 = r + 3*n - c, 0*n + 65 = r + 5*n. What is the tens digit of r?
4
What is the thousands digit of (0 - (-391419)/(-38))*(-5)/(30/56)?
6
Let t(n) = n**2 - 11*n + 29. Let u be t(7). What is the hundreds digit of (12/u - 6) + 563?
5
Let w be (2/(-5)*(182 + -7))/(-2). Suppose 0 = 2*v + 2*v - 336. Let o = v - w. What is the tens digit of o?
4
Let d(h) be the third derivative of -h**5/60 + 5*h**4/8 - 20*h**3/3 + 16*h**2. Let i be d(10). What is the units digit of (912/(-30))/((-2)/i)?
2
Let w(z) = z**3 + 14*z**2 - z - 21. Let m be w(-14). What is the units digit of 3/(m - 413/(-56))?
8
Let f be -4 - ((-3)/3 + (1 - 4)). Suppose -2*b = 5*o - 2 - 13, f = b - 5. Suppose -3*w = -266 - o. What is the units digit of w?
9
Let x = -7714 + 11684. What is the hundreds digit of x?
9
Suppose -z - 3*t = -18610, -686*z - 4*t = -683*z - 55860. What is the ten thousands digit of z?
1
Let y(g) = 2*g**3 - 11*g**2 + 4*g - 9. Let h be y(6). Let q = h - -19. What is the tens digit of q?
7
Let z(j) = j + 23. Let f be z(-21). Let l(n) = -f + 5 - n**2 - 6*n**3 - 9. What is the hundreds digit of l(-3)?
1
Suppose 50*o - 52*o = 2*u - 28674, 0 = o + 4*u - 14352. What is the tens digit of o?
3
Suppose 4*g - 3*i + 21 = -8*i, 0 = -i - 5. Suppose -b = -5 + g. Suppose -161 = d - 4*d + 4*p, 0 = 3*d + b*p - 169. What is the units digit of d?
5
Let i = 42 - 54. Let y be 18 + i + -2 + 0. Let f(x) = 29*x - 5. What is the tens digit of f(y)?
1
Suppose 29*x - 20*x = 36. Suppose x*p - 2433 = k, 0 = p + p + 3*k - 1213. What is the hundreds digit of p?
6
Let t be 1/(-4) - (-36)/16. Suppose t*d + 95 = 1. Let n = d + 104. What is the tens digit of n?
5
Let n(g) = -1 + 2 + 31 - 17*g. Let y be 5 + (101/(-9) - -1 - 22/(-99)). What is the tens digit of n(y)?
1
Let f(k) = -2*k - 3. Let s be f(-3). Suppose 0 = 5*b - p - 18, s*b + b + 4*p - 24 = 0. Suppose -b*w + 74 = -78. What is the units digit of w?
8
Let r(p) be the second derivative of p**5/10 - 5*p**4/4 - 5*p**3/3 + 20*p**2 - 15*p + 7. What is the hundreds digit of r(9)?
1
Suppose -12*a - 33442 = -4*t - 14*a, 25083 = 3*t + 2*a. What is the thousands digit of t?
8
Let c(x) = -8*x**2 + 681*x + 42. What is the thousands digit of c(73)?
7
Let y(k) = 545*k**2 + 13*k - 24. What is the tens digit of y(4)?
4
Suppose -4*d + 26463 = -2*d + o, 2*o + 39684 = 3*d. Suppose -27*v = -9234 - d. What is the hundreds digit of v?
8
Let c = 128740 + -87582. What is the ten thousands digit of c?
4
Let k = -203 + 205. Suppose -457 = -k*t - 5*a, 775 = 5*t - 5*a - 420. What is the hundreds digit of t?
2
Let x(l) = 8*l - 44. Let m be x(5). What is the hundreds digit of m/18 - (-9)/((-162)/(-8464))?
4
Suppose 334*d - 290 = 329*d. Suppose 59*l - d*l = 697. What is the tens digit of l?
9
Let n = 99682 - 58801. What is the units digit of n?
1
Let w(u) = -u**2 + 10*u + 2. Let v be w(10). Suppose 11 + 11 = v*l. Suppose -7*y = -l*y + 428. What is the tens digit of y?
0
Let i = 5623 - 623. What is the hundreds digit of i?
0
Suppose 52*b - 65*b + 2912 = 0. Suppose -3*c + 17 = 5. Suppose b = c*x - 84. What is the tens digit of x?
7
Let t(d) = 3*d**2 - 3*d - 1. Suppose 6*a = 6 + 18. Suppose 4*m = -4*c - 3 - 5, -3 = a*c - m. What is the units digit of t(c)?
5
Suppose i = -4*i + 8727 + 7503. What is the thousands digit of i?
3
Let o be (-6)/(-27)*3*3. What is the hundreds digit of (o - 98/3)/(50/(-525))?
3
Suppose 40 - 4 = 6*u. Let q(a) = a**3 + 2*a**2 + 14*a + 6. What is the hundreds digit of q(u)?
3
Suppose 5*g = -5*l + 110, 2*l - 2*g + 5*g - 47 = 0. Suppose 17*y + 2*w = l*y - 3458, 4*w - 3452 = -2*y. What is the units digit of y?
8
Let f(q) be the first derivative of -q**4/4 + 23*q**3/3 - 21*q**2/2 - 20*q - 28. Let s be f(22). What is the units digit of (7/2)/((-3 - s)/(-10))?
7
Let z(o) = -11*o**2 + 14*o + 3. Let u be z(9). Let b = -472 - u. Suppose 4*c - 3*c = 2*k - b, -3*k + 424 = 4*c. What is the tens digit of k?
4
Suppose -17*g + 53*g - 72 = 0. Suppose -3*k = g*r - 3506, 0*r + 6 = -3*r. What is the tens digit of k?
7
Let j(f) = 6*f**2 + 24*f - 4. Suppose -2*d + 20*d + 180 = 0. What is the tens di